CRAN Package Check Results for Package pmhtutorial

Last updated on 2021-07-28 07:49:35 CEST.

Flavor Version Tinstall Tcheck Ttotal Status Flags
r-devel-linux-x86_64-debian-clang 1.5 NOTE
r-devel-linux-x86_64-debian-gcc 1.5 2.19 24.63 26.82 NOTE
r-devel-linux-x86_64-fedora-clang 1.5 50.66 NOTE
r-devel-linux-x86_64-fedora-gcc 1.5 39.85 NOTE
r-devel-windows-x86_64 1.5 5.00 48.00 53.00 NOTE
r-devel-windows-x86_64-gcc10-UCRT 1.5 NOTE
r-patched-linux-x86_64 1.5 2.78 30.20 32.98 NOTE
r-patched-solaris-x86 1.5 64.50 NOTE
r-release-linux-x86_64 1.5 3.00 30.43 33.43 NOTE
r-release-macos-arm64 1.5 NOTE
r-release-macos-x86_64 1.5 NOTE
r-release-windows-ix86+x86_64 1.5 6.00 35.00 41.00 NOTE
r-oldrel-macos-x86_64 1.5 OK
r-oldrel-windows-ix86+x86_64 1.5 5.00 48.00 53.00 OK

Check Details

Version: 1.5
Check: LazyData
Result: NOTE
     'LazyData' is specified without a 'data' directory
Flavors: r-devel-linux-x86_64-debian-clang, r-devel-linux-x86_64-debian-gcc, r-devel-linux-x86_64-fedora-clang, r-devel-linux-x86_64-fedora-gcc, r-devel-windows-x86_64, r-devel-windows-x86_64-gcc10-UCRT, r-patched-linux-x86_64, r-patched-solaris-x86, r-release-linux-x86_64, r-release-macos-arm64, r-release-macos-x86_64, r-release-windows-ix86+x86_64