CRAN Package Check Results for Package pm4py

Last updated on 2021-07-31 07:50:53 CEST.

Flavor Version Tinstall Tcheck Ttotal Status Flags
r-devel-linux-x86_64-debian-clang 1.2.7 9.74 91.25 100.99 NOTE
r-devel-linux-x86_64-debian-gcc 1.2.7 7.57 68.90 76.47 NOTE
r-devel-linux-x86_64-fedora-clang 1.2.7 214.60 NOTE
r-devel-linux-x86_64-fedora-gcc 1.2.7 203.71 NOTE
r-devel-windows-x86_64 1.2.7 18.00 136.00 154.00 NOTE
r-devel-windows-x86_64-gcc10-UCRT 1.2.7 NOTE
r-patched-linux-x86_64 1.2.7 NOTE
r-patched-solaris-x86 1.2.7 155.80 NOTE
r-release-linux-x86_64 1.2.7 9.83 88.26 98.09 NOTE
r-release-macos-arm64 1.2.7 NOTE
r-release-macos-x86_64 1.2.7 NOTE
r-release-windows-ix86+x86_64 1.2.7 26.00 137.00 163.00 NOTE
r-oldrel-macos-x86_64 1.2.7 OK
r-oldrel-windows-ix86+x86_64 1.2.7 28.00 140.00 168.00 OK

Check Details

Version: 1.2.7
Check: LazyData
Result: NOTE
     'LazyData' is specified without a 'data' directory
Flavors: r-devel-linux-x86_64-debian-clang, r-devel-linux-x86_64-debian-gcc, r-devel-linux-x86_64-fedora-clang, r-devel-linux-x86_64-fedora-gcc, r-devel-windows-x86_64, r-devel-windows-x86_64-gcc10-UCRT, r-patched-linux-x86_64, r-patched-solaris-x86, r-release-linux-x86_64, r-release-macos-arm64, r-release-macos-x86_64, r-release-windows-ix86+x86_64

Version: 1.2.7
Check: dependencies in R code
Result: NOTE
    Warning: please export TSAN_OPTIONS='ignore_noninstrumented_modules=1' to avoid false positive reports from the OpenMP runtime.!
Flavor: r-devel-linux-x86_64-fedora-clang