CRAN Package Check Results for Package plu

Last updated on 2021-09-19 07:50:37 CEST.

Flavor Version Tinstall Tcheck Ttotal Status Flags
r-devel-linux-x86_64-debian-clang 0.2.1 3.47 33.44 36.91 OK
r-devel-linux-x86_64-debian-gcc 0.2.1 2.91 26.31 29.22 OK
r-devel-linux-x86_64-fedora-clang 0.2.1 53.00 OK
r-devel-linux-x86_64-fedora-gcc 0.2.1 42.35 OK
r-devel-windows-x86_64 0.2.1 5.00 50.00 55.00 OK
r-devel-windows-x86_64-gcc10-UCRT 0.2.1 ERROR
r-patched-linux-x86_64 0.2.1 3.59 32.44 36.03 OK
r-patched-solaris-x86 0.2.1 69.00 OK
r-release-linux-x86_64 0.2.1 3.57 32.60 36.17 OK
r-release-macos-arm64 0.2.1 OK
r-release-macos-x86_64 0.2.1 OK
r-release-windows-ix86+x86_64 0.2.1 7.00 38.00 45.00 OK
r-oldrel-macos-x86_64 0.2.1 OK
r-oldrel-windows-ix86+x86_64 0.2.1 7.00 37.00 44.00 OK

Check Details

Version: 0.2.1
Check: whether package can be installed
Result: WARN
    Found the following significant warnings:
     WARNING: installation-time patches will not be applied, could not get the patches index
Flavor: r-devel-windows-x86_64-gcc10-UCRT

Version: 0.2.1
Check: PDF version of manual
Result: WARN
    LaTeX errors when creating PDF version.
    This typically indicates Rd problems.
Flavor: r-devel-windows-x86_64-gcc10-UCRT

Version: 0.2.1
Check: PDF version of manual without hyperrefs or index
Result: ERROR
    Re-running with no redirection of stdout/stderr.
Flavor: r-devel-windows-x86_64-gcc10-UCRT