CRAN Package Check Results for Package plsmod

Last updated on 2021-06-15 08:50:04 CEST.

Flavor Version Tinstall Tcheck Ttotal Status Flags
r-devel-linux-x86_64-debian-clang 0.1.1 10.47 110.71 121.18 NOTE
r-devel-linux-x86_64-debian-gcc 0.1.1 9.63 82.81 92.44 NOTE
r-devel-linux-x86_64-fedora-clang 0.1.1 156.06 NOTE
r-devel-linux-x86_64-fedora-gcc 0.1.1 140.69 NOTE
r-devel-windows-x86_64 0.1.1 18.00 134.00 152.00 NOTE
r-devel-windows-x86_64-gcc10-UCRT 0.1.1 NOTE
r-patched-linux-x86_64 0.1.1 9.33 103.33 112.66 NOTE
r-patched-solaris-x86 0.1.1 216.90 NOTE
r-release-linux-x86_64 0.1.1 9.61 103.80 113.41 NOTE
r-release-macos-arm64 0.1.1 ERROR
r-release-macos-x86_64 0.1.1 NOTE
r-release-windows-ix86+x86_64 0.1.1 27.00 127.00 154.00 NOTE
r-oldrel-macos-x86_64 0.1.1 OK
r-oldrel-windows-ix86+x86_64 0.1.1 29.00 132.00 161.00 OK

Check Details

Version: 0.1.1
Check: LazyData
Result: NOTE
     'LazyData' is specified without a 'data' directory
Flavors: r-devel-linux-x86_64-debian-clang, r-devel-linux-x86_64-debian-gcc, r-devel-linux-x86_64-fedora-clang, r-devel-linux-x86_64-fedora-gcc, r-devel-windows-x86_64, r-devel-windows-x86_64-gcc10-UCRT, r-patched-linux-x86_64, r-patched-solaris-x86, r-release-linux-x86_64, r-release-macos-x86_64, r-release-windows-ix86+x86_64

Version: 0.1.1
Check: package dependencies
Result: ERROR
    Package required but not available: ‘mixOmics’
    
    See section ‘The DESCRIPTION file’ in the ‘Writing R Extensions’
    manual.
Flavor: r-release-macos-arm64