CRAN Package Check Results for Package plotlyGeoAssets

Last updated on 2022-01-17 07:49:41 CET.

Flavor Version Tinstall Tcheck Ttotal Status Flags
r-devel-linux-x86_64-debian-clang 0.0.2 1.92 28.58 30.50 NOTE
r-devel-linux-x86_64-debian-gcc 0.0.2 1.50 22.53 24.03 NOTE
r-devel-linux-x86_64-fedora-clang 0.0.2 37.89 NOTE
r-devel-linux-x86_64-fedora-gcc 0.0.2 27.41 NOTE
r-devel-windows-x86_64-new-UL 0.0.2 54.00 50.00 104.00 NOTE
r-devel-windows-x86_64-new-TK 0.0.2 NOTE
r-patched-linux-x86_64 0.0.2 1.95 27.55 29.50 NOTE
r-release-linux-x86_64 0.0.2 NOTE
r-release-macos-arm64 0.0.2 NOTE
r-release-macos-x86_64 0.0.2 NOTE
r-release-windows-ix86+x86_64 0.0.2 8.00 39.00 47.00 NOTE
r-oldrel-macos-x86_64 0.0.2 OK
r-oldrel-windows-ix86+x86_64 0.0.2 8.00 38.00 46.00 OK

Check Details

Version: 0.0.2
Check: LazyData
Result: NOTE
     'LazyData' is specified without a 'data' directory
Flavors: r-devel-linux-x86_64-debian-clang, r-devel-linux-x86_64-debian-gcc, r-devel-linux-x86_64-fedora-clang, r-devel-linux-x86_64-fedora-gcc, r-devel-windows-x86_64-new-UL, r-devel-windows-x86_64-new-TK, r-patched-linux-x86_64, r-release-linux-x86_64, r-release-macos-arm64, r-release-macos-x86_64, r-release-windows-ix86+x86_64