CRAN Package Check Results for Package plotbb

Last updated on 2022-01-24 08:52:53 CET.

Flavor Version Tinstall Tcheck Ttotal Status Flags
r-devel-linux-x86_64-debian-clang 0.0.6 3.03 50.79 53.82 OK
r-devel-linux-x86_64-debian-gcc 0.0.6 2.34 39.07 41.41 OK
r-devel-linux-x86_64-fedora-clang 0.0.6 66.52 OK
r-devel-linux-x86_64-fedora-gcc 0.0.6 55.57 OK
r-devel-windows-x86_64-new-UL 0.0.6 21.00 78.00 99.00 OK
r-devel-windows-x86_64-new-TK 0.0.6 OK
r-patched-linux-x86_64 0.0.6 2.88 48.56 51.44 OK
r-release-linux-x86_64 0.0.6 3.02 48.10 51.12 OK
r-release-macos-arm64 0.0.6 OK
r-release-macos-x86_64 0.0.6 WARN
r-release-windows-ix86+x86_64 0.0.6 7.00 61.00 68.00 OK
r-oldrel-macos-x86_64 0.0.6 WARN
r-oldrel-windows-ix86+x86_64 0.0.6 7.00 66.00 73.00 OK

Check Details

Version: 0.0.6
Check: re-building of vignette outputs
Result: WARN
    Error(s) in re-building vignettes:
     ...
    --- re-building ‘plotbb.Rmd’ using rmarkdown
    Pandoc is required to build R Markdown vignettes but not available. Please make sure it is installed.
    
    Attaching package: 'dplyr'
    
    The following objects are masked from 'package:stats':
    
     filter, lag
    
    The following objects are masked from 'package:base':
    
     intersect, setdiff, setequal, union
    
    Quitting from lines 49-57 (plotbb.Rmd)
    Error: processing vignette 'plotbb.Rmd' failed with diagnostics:
    non-numeric argument to binary operator
    --- failed re-building ‘plotbb.Rmd’
    
    SUMMARY: processing the following file failed:
     ‘plotbb.Rmd’
    
    Error: Vignette re-building failed.
    Execution halted
Flavors: r-release-macos-x86_64, r-oldrel-macos-x86_64