CRAN Package Check Results for Package plot.matrix

Last updated on 2021-09-24 07:49:26 CEST.

Flavor Version Tinstall Tcheck Ttotal Status Flags
r-devel-linux-x86_64-debian-clang 1.6 3.06 43.66 46.72 OK
r-devel-linux-x86_64-debian-gcc 1.6 2.47 32.62 35.09 OK
r-devel-linux-x86_64-fedora-clang 1.6 66.55 NOTE
r-devel-linux-x86_64-fedora-gcc 1.6 55.99 OK
r-devel-windows-x86_64 1.6 6.00 45.00 51.00 OK
r-devel-windows-x86_64-gcc10-UCRT 1.6 OK
r-patched-linux-x86_64 1.6 3.16 41.05 44.21 OK
r-patched-solaris-x86 1.6 55.10 OK
r-release-linux-x86_64 1.6 2.96 40.91 43.87 OK
r-release-macos-arm64 1.6 OK
r-release-macos-x86_64 1.6 OK
r-release-windows-ix86+x86_64 1.6 7.00 45.00 52.00 OK
r-oldrel-macos-x86_64 1.6 OK
r-oldrel-windows-ix86+x86_64 1.6 15.00 44.00 59.00 OK

Check Details

Version: 1.6
Check: Rd cross-references
Result: NOTE
    Undeclared package ‘exams’ in Rd xrefs
Flavor: r-devel-linux-x86_64-fedora-clang