CRAN Package Check Results for Package pkgnet

Last updated on 2021-07-30 07:50:23 CEST.

Flavor Version Tinstall Tcheck Ttotal Status Flags
r-devel-linux-x86_64-debian-clang 0.4.1 NOTE
r-devel-linux-x86_64-debian-gcc 0.4.1 9.55 38.04 47.59 NOTE
r-devel-linux-x86_64-fedora-clang 0.4.1 83.67 NOTE
r-devel-linux-x86_64-fedora-gcc 0.4.1 70.36 NOTE
r-devel-windows-x86_64 0.4.1 11.00 65.00 76.00 NOTE
r-devel-windows-x86_64-gcc10-UCRT 0.1 NOTE
r-patched-linux-x86_64 0.4.1 NOTE
r-patched-solaris-x86 0.4.1 108.80 NOTE
r-release-linux-x86_64 0.4.1 9.83 46.49 56.32 NOTE
r-release-macos-arm64 0.4.1 NOTE
r-release-macos-x86_64 0.4.1 NOTE
r-release-windows-ix86+x86_64 0.4.1 20.00 66.00 86.00 NOTE
r-oldrel-macos-x86_64 0.4.1 OK
r-oldrel-windows-ix86+x86_64 0.4.1 12.00 69.00 81.00 OK

Check Details

Version: 0.4.1
Check: LazyData
Result: NOTE
     'LazyData' is specified without a 'data' directory
Flavors: r-devel-linux-x86_64-debian-clang, r-devel-linux-x86_64-debian-gcc, r-devel-linux-x86_64-fedora-clang, r-devel-linux-x86_64-fedora-gcc, r-devel-windows-x86_64, r-devel-windows-x86_64-gcc10-UCRT, r-patched-linux-x86_64, r-patched-solaris-x86, r-release-linux-x86_64, r-release-macos-arm64, r-release-macos-x86_64, r-release-windows-ix86+x86_64

Version: 0.4.1
Check: Rd cross-references
Result: NOTE
    Undeclared packages ‘pkgdown’, ‘htmlwidgets’ in Rd xrefs
Flavor: r-devel-linux-x86_64-fedora-clang