CRAN Package Check Results for Package pkgload

Last updated on 2021-09-21 07:50:26 CEST.

Flavor Version Tinstall Tcheck Ttotal Status Flags
r-devel-linux-x86_64-debian-clang 1.2.2 5.13 111.50 116.63 OK
r-devel-linux-x86_64-debian-gcc 1.2.2 3.72 78.18 81.90 OK
r-devel-linux-x86_64-fedora-clang 1.2.2 142.37 OK
r-devel-linux-x86_64-fedora-gcc 1.2.2 223.17 OK
r-devel-windows-x86_64 1.2.2 6.00 117.00 123.00 OK
r-devel-windows-x86_64-gcc10-UCRT 1.2.2 ERROR
r-patched-linux-x86_64 1.2.2 5.32 100.95 106.27 OK
r-patched-solaris-x86 1.2.2 187.10 OK
r-release-linux-x86_64 1.2.2 5.30 100.84 106.14 OK
r-release-macos-arm64 1.2.2 OK
r-release-macos-x86_64 1.2.2 OK
r-release-windows-ix86+x86_64 1.2.2 10.00 123.00 133.00 OK
r-oldrel-macos-x86_64 1.2.2 OK
r-oldrel-windows-ix86+x86_64 1.2.2 12.00 141.00 153.00 OK

Check Details

Version: 1.2.2
Check: whether package can be installed
Result: WARN
    Found the following significant warnings:
     WARNING: installation-time patches will not be applied, could not get the patches index
Flavor: r-devel-windows-x86_64-gcc10-UCRT

Version: 1.2.2
Check: tests
Result: ERROR
     Running 'testthat.R'
    Running the tests in 'tests/testthat.R' failed.
    Complete output:
     > library(testthat)
     > library(pkgload)
     >
     > # Needed so that install.packages works correctly
     > Sys.setenv("R_TESTS" = "")
     >
     > test_check("pkgload")
     ══ Failed tests ════════════════════════════════════════════════════════════════
     ── Failure (test-dll.r:17:3): unload() unloads DLLs from packages loaded with library() ──
     require(testDllLoad) is not TRUE
    
     `actual`: FALSE
     `expected`: TRUE
     ── Error (test-dll.r:21:3): unload() unloads DLLs from packages loaded with library() ──
     Error: could not find function "nulltest"
     Backtrace:
     █
     1. └─testthat::expect_true(is.null(nulltest())) test-dll.r:21:2
     2. └─testthat::quasi_label(enquo(object), label, arg = "object")
     3. └─rlang::eval_bare(expr, quo_get_env(quo))
     ── Error (test-dll.r:44:3): load_all() compiles and loads DLLs ─────────────────
     Error: Could not find tools necessary to compile a package
     Call `pkgbuild::check_build_tools(debug = TRUE)` to diagnose the problem.
     Backtrace:
     █
     1. └─pkgload::load_all("testDllLoad", reset = TRUE, quiet = TRUE) test-dll.r:44:2
     2. └─pkgbuild::compile_dll(path, quiet = quiet)
     3. └─pkgbuild::check_build_tools(quiet = TRUE)
     ── Error (test-dll.r:82:3): Specific functions from DLLs listed in NAMESPACE can be called ──
     Error: Could not find tools necessary to compile a package
     Call `pkgbuild::check_build_tools(debug = TRUE)` to diagnose the problem.
     Backtrace:
     █
     1. └─pkgload::load_all("testDllLoad", quiet = TRUE) test-dll.r:82:2
     2. └─pkgbuild::compile_dll(path, quiet = quiet)
     3. └─pkgbuild::check_build_tools(quiet = TRUE)
     ── Error (test-dll.r:108:3): load_all() can compile and load DLLs linked to Rcpp ──
     Error: Could not find tools necessary to compile a package
     Call `pkgbuild::check_build_tools(debug = TRUE)` to diagnose the problem.
     Backtrace:
     █
     1. └─pkgload::load_all("testDllRcpp", reset = TRUE, quiet = TRUE) test-dll.r:108:2
     2. └─pkgbuild::compile_dll(path, quiet = quiet)
     3. └─pkgbuild::check_build_tools(quiet = TRUE)
    
     [ FAIL 5 | WARN 2 | SKIP 0 | PASS 301 ]
     Error: Test failures
     Execution halted
Flavor: r-devel-windows-x86_64-gcc10-UCRT

Version: 1.2.2
Check: PDF version of manual
Result: WARN
    LaTeX errors when creating PDF version.
    This typically indicates Rd problems.
Flavor: r-devel-windows-x86_64-gcc10-UCRT

Version: 1.2.2
Check: PDF version of manual without hyperrefs or index
Result: ERROR
    Re-running with no redirection of stdout/stderr.
Flavor: r-devel-windows-x86_64-gcc10-UCRT