CRAN Package Check Results for Package pipeR

Last updated on 2021-09-19 07:50:37 CEST.

Flavor Version Tinstall Tcheck Ttotal Status Flags
r-devel-linux-x86_64-debian-clang 0.6.1.3 2.07 23.84 25.91 OK
r-devel-linux-x86_64-debian-gcc 0.6.1.3 1.65 18.68 20.33 OK
r-devel-linux-x86_64-fedora-clang 0.6.1.3 40.53 OK
r-devel-linux-x86_64-fedora-gcc 0.6.1.3 29.68 OK
r-devel-windows-x86_64 0.6.1.3 5.00 38.00 43.00 OK
r-devel-windows-x86_64-gcc10-UCRT 0.6.1.3 ERROR
r-patched-linux-x86_64 0.6.1.3 2.22 22.93 25.15 OK
r-patched-solaris-x86 0.6.1.3 45.10 OK
r-release-linux-x86_64 0.6.1.3 2.15 22.95 25.10 OK
r-release-macos-arm64 0.6.1.3 OK
r-release-macos-x86_64 0.6.1.3 OK
r-release-windows-ix86+x86_64 0.6.1.3 5.00 30.00 35.00 OK
r-oldrel-macos-x86_64 0.6.1.3 OK
r-oldrel-windows-ix86+x86_64 0.6.1.3 4.00 32.00 36.00 OK

Check Details

Version: 0.6.1.3
Check: whether package can be installed
Result: WARN
    Found the following significant warnings:
     WARNING: installation-time patches will not be applied, could not get the patches index
Flavor: r-devel-windows-x86_64-gcc10-UCRT

Version: 0.6.1.3
Check: PDF version of manual
Result: WARN
    LaTeX errors when creating PDF version.
    This typically indicates Rd problems.
Flavor: r-devel-windows-x86_64-gcc10-UCRT

Version: 0.6.1.3
Check: PDF version of manual without hyperrefs or index
Result: ERROR
    Re-running with no redirection of stdout/stderr.
Flavor: r-devel-windows-x86_64-gcc10-UCRT