CRAN Package Check Results for Package pinnacle.API

Last updated on 2021-05-11 07:47:59 CEST.

Flavor Version Tinstall Tcheck Ttotal Status Flags
r-devel-linux-x86_64-debian-clang 2.3.3 4.19 35.82 40.01 NOTE
r-devel-linux-x86_64-debian-gcc 2.3.3 3.17 27.61 30.78 NOTE
r-devel-linux-x86_64-fedora-clang 2.3.3 58.50 NOTE
r-devel-linux-x86_64-fedora-gcc 2.3.3 45.20 NOTE
r-devel-windows-ix86+x86_64 2.3.3 6.00 92.00 98.00 NOTE
r-devel-windows-x86_64-gcc10-UCRT 2.3.3 NOTE
r-patched-linux-x86_64 2.3.3 3.93 33.88 37.81 NOTE
r-patched-solaris-x86 2.3.3 69.70 NOTE
r-release-linux-x86_64 2.3.3 3.85 33.60 37.45 OK
r-release-macos-x86_64 2.3.3 OK
r-release-windows-ix86+x86_64 2.3.3 8.00 37.00 45.00 OK
r-oldrel-macos-x86_64 2.3.3 OK
r-oldrel-windows-ix86+x86_64 2.3.3 7.00 55.00 62.00 OK

Check Details

Version: 2.3.3
Check: LazyData
Result: NOTE
     'LazyData' is specified without a 'data' directory
Flavors: r-devel-linux-x86_64-debian-clang, r-devel-linux-x86_64-debian-gcc, r-devel-linux-x86_64-fedora-clang, r-devel-linux-x86_64-fedora-gcc, r-devel-windows-ix86+x86_64, r-devel-windows-x86_64-gcc10-UCRT, r-patched-linux-x86_64, r-patched-solaris-x86