CRAN Package Check Results for Package pingers

Last updated on 2021-07-31 07:50:52 CEST.

Flavor Version Tinstall Tcheck Ttotal Status Flags
r-devel-linux-x86_64-debian-clang 0.1.1 7.27 62.98 70.25 NOTE
r-devel-linux-x86_64-debian-gcc 0.1.1 5.87 47.91 53.78 NOTE
r-devel-linux-x86_64-fedora-clang 0.1.1 89.59 NOTE
r-devel-linux-x86_64-fedora-gcc 0.1.1 79.55 NOTE
r-devel-windows-x86_64 0.1.1 11.00 81.00 92.00 NOTE
r-devel-windows-x86_64-gcc10-UCRT 0.1.1 NOTE
r-patched-linux-x86_64 0.1.1 NOTE
r-patched-solaris-x86 0.1.1 120.80 NOTE
r-release-linux-x86_64 0.1.1 6.80 58.35 65.15 NOTE
r-release-macos-arm64 0.1.1 NOTE
r-release-macos-x86_64 0.1.1 NOTE
r-release-windows-ix86+x86_64 0.1.1 17.00 82.00 99.00 NOTE
r-oldrel-macos-x86_64 0.1.1 OK
r-oldrel-windows-ix86+x86_64 0.1.1 27.00 84.00 111.00 OK

Check Details

Version: 0.1.1
Check: LazyData
Result: NOTE
     'LazyData' is specified without a 'data' directory
Flavors: r-devel-linux-x86_64-debian-clang, r-devel-linux-x86_64-debian-gcc, r-devel-linux-x86_64-fedora-clang, r-devel-linux-x86_64-fedora-gcc, r-devel-windows-x86_64, r-devel-windows-x86_64-gcc10-UCRT, r-patched-linux-x86_64, r-patched-solaris-x86, r-release-linux-x86_64, r-release-macos-arm64, r-release-macos-x86_64, r-release-windows-ix86+x86_64