CRAN Package Check Results for Package piggyback

Last updated on 2021-07-31 07:50:52 CEST.

Flavor Version Tinstall Tcheck Ttotal Status Flags
r-devel-linux-x86_64-debian-clang 0.0.11 5.06 51.51 56.57 NOTE
r-devel-linux-x86_64-debian-gcc 0.0.11 4.65 40.08 44.73 NOTE
r-devel-linux-x86_64-fedora-clang 0.0.11 76.53 NOTE
r-devel-linux-x86_64-fedora-gcc 0.0.11 67.20 NOTE
r-devel-windows-x86_64 0.0.11 6.00 75.00 81.00 NOTE
r-devel-windows-x86_64-gcc10-UCRT 0.0.11 NOTE
r-patched-linux-x86_64 0.0.11 NOTE
r-patched-solaris-x86 0.0.11 99.70 NOTE
r-release-linux-x86_64 0.0.11 5.76 49.02 54.78 NOTE
r-release-macos-arm64 0.0.11 NOTE
r-release-macos-x86_64 0.0.11 NOTE
r-release-windows-ix86+x86_64 0.0.11 13.00 74.00 87.00 NOTE
r-oldrel-macos-x86_64 0.0.11 OK
r-oldrel-windows-ix86+x86_64 0.0.11 9.00 77.00 86.00 OK

Check Details

Version: 0.0.11
Check: LazyData
Result: NOTE
     'LazyData' is specified without a 'data' directory
Flavors: r-devel-linux-x86_64-debian-clang, r-devel-linux-x86_64-debian-gcc, r-devel-linux-x86_64-fedora-clang, r-devel-linux-x86_64-fedora-gcc, r-devel-windows-x86_64, r-devel-windows-x86_64-gcc10-UCRT, r-patched-linux-x86_64, r-patched-solaris-x86, r-release-linux-x86_64, r-release-macos-arm64, r-release-macos-x86_64, r-release-windows-ix86+x86_64