CRAN Package Check Results for Package phyr

Last updated on 2021-09-16 07:50:04 CEST.

Flavor Version Tinstall Tcheck Ttotal Status Flags
r-devel-linux-x86_64-debian-clang 1.1.0 161.83 154.17 316.00 NOTE
r-devel-linux-x86_64-debian-gcc 1.1.0 116.94 112.40 229.34 NOTE
r-devel-linux-x86_64-fedora-clang 1.1.0 648.79 NOTE
r-devel-linux-x86_64-fedora-gcc 1.1.0 617.58 OK
r-devel-windows-x86_64 1.1.0 140.00 186.00 326.00 OK
r-devel-windows-x86_64-gcc10-UCRT 1.1.0 NOTE
r-patched-linux-x86_64 1.1.0 135.84 144.78 280.62 NOTE
r-patched-solaris-x86 1.1.0 410.40 NOTE
r-release-linux-x86_64 1.1.0 130.65 143.59 274.24 NOTE
r-release-macos-arm64 1.1.0 NOTE
r-release-macos-x86_64 1.1.0 NOTE
r-release-windows-ix86+x86_64 1.1.0 360.00 180.00 540.00 NOTE
r-oldrel-macos-x86_64 1.1.0 NOTE
r-oldrel-windows-ix86+x86_64 1.1.0 277.00 216.00 493.00 NOTE

Check Details

Version: 1.1.0
Check: package dependencies
Result: NOTE
    Package suggested but not available for checking: 'INLA'
Flavors: r-devel-linux-x86_64-debian-clang, r-devel-linux-x86_64-debian-gcc, r-devel-windows-x86_64-gcc10-UCRT, r-patched-linux-x86_64, r-patched-solaris-x86, r-release-linux-x86_64, r-release-macos-arm64, r-release-macos-x86_64, r-oldrel-macos-x86_64

Version: 1.1.0
Check: installed package size
Result: NOTE
     installed size is 13.5Mb
     sub-directories of 1Mb or more:
     doc 2.0Mb
     libs 11.0Mb
Flavors: r-devel-linux-x86_64-fedora-clang, r-release-macos-arm64, r-release-macos-x86_64, r-release-windows-ix86+x86_64, r-oldrel-macos-x86_64, r-oldrel-windows-ix86+x86_64