CRAN Package Check Results for Package phonfieldwork

Last updated on 2021-06-14 07:48:45 CEST.

Flavor Version Tinstall Tcheck Ttotal Status Flags
r-devel-linux-x86_64-debian-clang 0.0.11 6.65 58.53 65.18 NOTE
r-devel-linux-x86_64-debian-gcc 0.0.11 4.23 44.86 49.09 NOTE
r-devel-linux-x86_64-fedora-clang 0.0.11 85.72 NOTE
r-devel-linux-x86_64-fedora-gcc 0.0.11 75.36 NOTE
r-devel-windows-x86_64 0.0.11 13.00 85.00 98.00 NOTE
r-devel-windows-x86_64-gcc10-UCRT 0.0.11 NOTE
r-patched-linux-x86_64 0.0.11 7.56 57.38 64.94 NOTE
r-patched-solaris-x86 0.0.11 107.10 NOTE
r-release-linux-x86_64 0.0.11 7.20 56.44 63.64 NOTE
r-release-macos-arm64 0.0.11 NOTE
r-release-macos-x86_64 0.0.11 NOTE
r-release-windows-ix86+x86_64 0.0.11 11.00 82.00 93.00 NOTE
r-oldrel-macos-x86_64 0.0.11 OK
r-oldrel-windows-ix86+x86_64 0.0.11 9.00 83.00 92.00 OK

Check Details

Version: 0.0.11
Check: LazyData
Result: NOTE
     'LazyData' is specified without a 'data' directory
Flavors: r-devel-linux-x86_64-debian-clang, r-devel-linux-x86_64-debian-gcc, r-devel-linux-x86_64-fedora-clang, r-devel-linux-x86_64-fedora-gcc, r-devel-windows-x86_64, r-devel-windows-x86_64-gcc10-UCRT, r-patched-linux-x86_64, r-patched-solaris-x86, r-release-linux-x86_64, r-release-macos-arm64, r-release-macos-x86_64, r-release-windows-ix86+x86_64