CRAN Package Check Results for Package pgirmess

Last updated on 2021-07-31 07:50:52 CEST.

Flavor Version Tinstall Tcheck Ttotal Status Flags
r-devel-linux-x86_64-debian-clang 1.7.0 17.52 176.03 193.55 OK
r-devel-linux-x86_64-debian-gcc 1.7.0 13.78 132.10 145.88 OK
r-devel-linux-x86_64-fedora-clang 1.7.0 238.00 NOTE
r-devel-linux-x86_64-fedora-gcc 1.7.0 229.33 OK
r-devel-windows-x86_64 1.7.0 25.00 254.00 279.00 OK
r-devel-windows-x86_64-gcc10-UCRT 1.7.0 OK
r-patched-linux-x86_64 1.7.0 OK
r-patched-solaris-x86 1.7.0 333.70 OK
r-release-linux-x86_64 1.7.0 16.56 167.28 183.84 OK
r-release-macos-arm64 1.7.0 OK
r-release-macos-x86_64 1.7.0 OK
r-release-windows-ix86+x86_64 1.7.0 50.00 190.00 240.00 OK
r-oldrel-macos-x86_64 1.7.0 OK
r-oldrel-windows-ix86+x86_64 1.7.0 37.00 259.00 296.00 OK

Check Details

Version: 1.7.0
Check: Rd cross-references
Result: NOTE
    Undeclared packages ‘classInt’, ‘PMCMR’, ‘agricolae’, ‘plotrix’, ‘AICcmodavg’ in Rd xrefs
Flavor: r-devel-linux-x86_64-fedora-clang