CRAN Package Check Results for Package pedquant

Last updated on 2021-08-03 07:54:36 CEST.

Flavor Version Tinstall Tcheck Ttotal Status Flags
r-devel-linux-x86_64-debian-clang 0.1.6 13.31 92.29 105.60 OK
r-devel-linux-x86_64-debian-gcc 0.1.6 10.98 67.78 78.76 OK
r-devel-linux-x86_64-fedora-clang 0.1.6 138.61 NOTE
r-devel-linux-x86_64-fedora-gcc 0.1.6 120.52 NOTE
r-devel-windows-x86_64 0.1.6 20.00 109.00 129.00 OK
r-devel-windows-x86_64-gcc10-UCRT 0.1.6 NOTE
r-patched-linux-x86_64 0.1.6 12.28 86.78 99.06 OK
r-patched-solaris-x86 0.1.6 161.60 NOTE
r-release-linux-x86_64 0.1.6 14.12 85.28 99.40 OK
r-release-macos-arm64 0.1.6 NOTE
r-release-macos-x86_64 0.1.6 NOTE
r-release-windows-ix86+x86_64 0.1.6 28.00 109.00 137.00 OK
r-oldrel-macos-x86_64 0.1.6 NOTE
r-oldrel-windows-ix86+x86_64 0.1.6 22.00 112.00 134.00 OK

Check Details

Version: 0.1.6
Check: data for non-ASCII characters
Result: NOTE
     Note: found 7240 marked UTF-8 strings
Flavors: r-devel-linux-x86_64-fedora-clang, r-devel-linux-x86_64-fedora-gcc, r-devel-windows-x86_64-gcc10-UCRT, r-patched-solaris-x86, r-release-macos-arm64, r-release-macos-x86_64, r-oldrel-macos-x86_64