CRAN Package Check Results for Package pcts

Last updated on 2021-10-24 07:57:27 CEST.

Flavor Version Tinstall Tcheck Ttotal Status Flags
r-devel-linux-x86_64-debian-clang 0.15 43.42 262.96 306.38 OK
r-devel-linux-x86_64-debian-gcc 0.15 35.89 186.78 222.67 OK
r-devel-linux-x86_64-fedora-clang 0.15 371.12 OK
r-devel-linux-x86_64-fedora-gcc 0.15 359.91 OK
r-devel-windows-x86_64 0.15 66.00 311.00 377.00 OK
r-devel-windows-x86_64-gcc10-UCRT 0.15 FAIL
r-patched-linux-x86_64 0.15 50.47 248.34 298.81 OK
r-patched-solaris-x86 0.15 424.80 OK
r-release-linux-x86_64 0.15 38.18 247.51 285.69 OK
r-release-macos-arm64 0.15 OK
r-release-macos-x86_64 0.15 OK
r-release-windows-ix86+x86_64 0.15 59.00 312.00 371.00 OK
r-oldrel-macos-x86_64 0.15 OK
r-oldrel-windows-ix86+x86_64 0.15 81.00 317.00 398.00 OK

Check Details

Version: 0.15
Check: PDF version of manual
Result: FAIL
Flavor: r-devel-windows-x86_64-gcc10-UCRT