CRAN Package Check Results for Package pcdpca

Last updated on 2021-11-26 08:51:35 CET.

Flavor Version Tinstall Tcheck Ttotal Status Flags
r-devel-linux-x86_64-debian-clang 0.4 2.06 28.82 30.88 NOTE
r-devel-linux-x86_64-debian-gcc 0.4 1.19 22.17 23.36 NOTE
r-devel-linux-x86_64-fedora-clang 0.4 48.76 NOTE
r-devel-linux-x86_64-fedora-gcc 0.4 36.64 NOTE
r-devel-windows-x86_64-new-UL 0.4 6.00 62.00 68.00 NOTE
r-devel-windows-x86_64-new-TK 0.4 NOTE
r-devel-windows-x86_64-old 0.4 3.00 50.00 53.00 NOTE
r-patched-linux-x86_64 0.4 6.81 26.82 33.63 NOTE
r-patched-solaris-x86 0.4 61.40 NOTE
r-release-linux-x86_64 0.4 NOTE
r-release-macos-arm64 0.4 NOTE
r-release-macos-x86_64 0.4 NOTE
r-release-windows-ix86+x86_64 0.4 6.00 33.00 39.00 NOTE
r-oldrel-macos-x86_64 0.4 NOTE
r-oldrel-windows-ix86+x86_64 0.4 6.00 47.00 53.00 OK

Check Details

Version: 0.4
Check: LazyData
Result: NOTE
     'LazyData' is specified without a 'data' directory
Flavors: r-devel-linux-x86_64-debian-clang, r-devel-linux-x86_64-debian-gcc, r-devel-linux-x86_64-fedora-clang, r-devel-linux-x86_64-fedora-gcc, r-devel-windows-x86_64-new-UL, r-devel-windows-x86_64-new-TK, r-devel-windows-x86_64-old, r-patched-linux-x86_64, r-patched-solaris-x86, r-release-linux-x86_64, r-release-macos-arm64, r-release-macos-x86_64, r-release-windows-ix86+x86_64

Version: 0.4
Check: dependencies in R code
Result: NOTE
    Namespace in Imports field not imported from: ‘fda’
     All declared Imports should be used.
Flavors: r-devel-linux-x86_64-fedora-clang, r-devel-linux-x86_64-fedora-gcc, r-devel-windows-x86_64-new-TK, r-patched-solaris-x86, r-release-macos-arm64, r-release-macos-x86_64, r-oldrel-macos-x86_64