CRAN Package Check Results for Package pcadapt

Last updated on 2021-08-03 07:54:35 CEST.

Flavor Version Tinstall Tcheck Ttotal Status Flags
r-devel-linux-x86_64-debian-clang 4.3.3 102.49 55.47 157.96 NOTE
r-devel-linux-x86_64-debian-gcc 4.3.3 63.23 41.67 104.90 NOTE
r-devel-linux-x86_64-fedora-clang 4.3.3 222.67 NOTE
r-devel-linux-x86_64-fedora-gcc 4.3.3 182.80 NOTE
r-devel-windows-x86_64 4.3.3 103.00 85.00 188.00 NOTE
r-devel-windows-x86_64-gcc10-UCRT 4.3.3 NOTE
r-patched-linux-x86_64 4.3.3 72.06 52.67 124.73 NOTE
r-patched-solaris-x86 4.3.3 182.40 NOTE
r-release-linux-x86_64 4.3.3 73.63 51.24 124.87 NOTE
r-release-macos-arm64 4.3.3 NOTE
r-release-macos-x86_64 4.3.3 NOTE
r-release-windows-ix86+x86_64 4.3.3 268.00 105.00 373.00 NOTE
r-oldrel-macos-x86_64 4.3.3 NOTE
r-oldrel-windows-ix86+x86_64 4.3.3 192.00 109.00 301.00 NOTE

Check Details

Version: 4.3.3
Check: LazyData
Result: NOTE
     'LazyData' is specified without a 'data' directory
Flavors: r-devel-linux-x86_64-debian-clang, r-devel-linux-x86_64-debian-gcc, r-devel-linux-x86_64-fedora-clang, r-devel-linux-x86_64-fedora-gcc, r-devel-windows-x86_64, r-devel-windows-x86_64-gcc10-UCRT, r-patched-linux-x86_64, r-patched-solaris-x86, r-release-linux-x86_64, r-release-macos-arm64, r-release-macos-x86_64, r-release-windows-ix86+x86_64

Version: 4.3.3
Check: installed package size
Result: NOTE
     installed size is 6.4Mb
     sub-directories of 1Mb or more:
     extdata 2.7Mb
     libs 2.9Mb
Flavors: r-devel-linux-x86_64-fedora-clang, r-release-macos-arm64, r-release-macos-x86_64, r-release-windows-ix86+x86_64, r-oldrel-macos-x86_64, r-oldrel-windows-ix86+x86_64

Version: 4.3.3
Check: package dependencies
Result: NOTE
    Package suggested but not available for checking: ‘vcfR’
Flavor: r-oldrel-macos-x86_64