CRAN Package Check Results for Package pcFactorStan

Last updated on 2021-07-31 07:50:52 CEST.

Flavor Version Tinstall Tcheck Ttotal Status Flags
r-devel-linux-x86_64-debian-clang 1.5.2 1102.66 239.89 1342.55 NOTE
r-devel-linux-x86_64-debian-gcc 1.5.2 921.44 224.33 1145.77 NOTE
r-devel-linux-x86_64-fedora-clang 1.5.2 1844.38 NOTE
r-devel-linux-x86_64-fedora-gcc 1.5.2 1981.43 NOTE
r-devel-windows-x86_64 1.5.2 835.00 371.00 1206.00 NOTE
r-devel-windows-x86_64-gcc10-UCRT 1.5.2 NOTE
r-patched-linux-x86_64 1.5.2 NOTE
r-patched-solaris-x86 1.5.2 1781.00 NOTE
r-release-linux-x86_64 1.5.2 1008.46 284.52 1292.98 NOTE
r-release-macos-arm64 1.5.2 NOTE
r-release-macos-x86_64 1.5.2 NOTE
r-release-windows-ix86+x86_64 1.5.2 2260.00 622.00 2882.00 NOTE
r-oldrel-macos-x86_64 1.5.2 NOTE
r-oldrel-windows-ix86+x86_64 1.5.2 1819.00 637.00 2456.00 NOTE

Check Details

Version: 1.5.2
Check: for GNU extensions in Makefiles
Result: NOTE
    GNU make is a SystemRequirements.
Flavors: r-devel-linux-x86_64-debian-clang, r-devel-linux-x86_64-debian-gcc, r-devel-linux-x86_64-fedora-clang, r-devel-linux-x86_64-fedora-gcc, r-devel-windows-x86_64, r-devel-windows-x86_64-gcc10-UCRT, r-patched-linux-x86_64, r-patched-solaris-x86, r-release-linux-x86_64, r-release-macos-arm64, r-release-macos-x86_64, r-release-windows-ix86+x86_64, r-oldrel-macos-x86_64, r-oldrel-windows-ix86+x86_64

Version: 1.5.2
Check: installed package size
Result: NOTE
     installed size is 134.7Mb
     sub-directories of 1Mb or more:
     doc 2.9Mb
     libs 131.1Mb
Flavors: r-devel-linux-x86_64-fedora-clang, r-devel-windows-x86_64, r-patched-solaris-x86, r-release-macos-arm64, r-release-macos-x86_64, r-release-windows-ix86+x86_64, r-oldrel-macos-x86_64, r-oldrel-windows-ix86+x86_64

Version: 1.5.2
Check: line endings in C/C++/Fortran sources/headers
Result: NOTE
    Found the following sources/headers with CR or CRLF line endings:
     src/stan_files/correlation.hpp
     src/stan_files/correlation_ll.hpp
     src/stan_files/factor.hpp
     src/stan_files/factor1.hpp
     src/stan_files/factor1_ll.hpp
     src/stan_files/factor_ll.hpp
     src/stan_files/unidim.hpp
     src/stan_files/unidim_adapt.hpp
     src/stan_files/unidim_ll.hpp
    Some Unix compilers require LF line endings.
Flavor: r-devel-windows-x86_64-gcc10-UCRT