CRAN Package Check Results for Package pbkrtest

Last updated on 2021-10-27 07:56:16 CEST.

Flavor Version Tinstall Tcheck Ttotal Status Flags
r-devel-linux-x86_64-debian-clang 0.5.1 11.72 180.13 191.85 OK
r-devel-linux-x86_64-debian-gcc 0.5.1 9.45 129.93 139.38 OK
r-devel-linux-x86_64-fedora-clang 0.5.1 232.58 NOTE
r-devel-linux-x86_64-fedora-gcc 0.5.1 224.85 NOTE
r-devel-windows-x86_64 0.5.1 19.00 200.00 219.00 OK
r-devel-windows-x86_64-gcc10-UCRT 0.5.1 NOTE
r-patched-linux-x86_64 0.5.1 15.84 173.03 188.87 OK
r-patched-solaris-x86 0.5.1 303.50 NOTE
r-release-linux-x86_64 0.5.1 11.60 171.87 183.47 OK
r-release-macos-arm64 0.5.1 NOTE
r-release-macos-x86_64 0.5.1 NOTE
r-release-windows-ix86+x86_64 0.5.1 22.00 209.00 231.00 OK
r-oldrel-macos-x86_64 0.5.1 NOTE
r-oldrel-windows-ix86+x86_64 0.5.1 29.00 226.00 255.00 OK

Check Details

Version: 0.5.1
Check: dependencies in R code
Result: NOTE
    Namespace in Imports field not imported from: ‘knitr’
     All declared Imports should be used.
Flavors: r-devel-linux-x86_64-fedora-clang, r-devel-linux-x86_64-fedora-gcc, r-devel-windows-x86_64-gcc10-UCRT, r-patched-solaris-x86, r-release-macos-arm64, r-release-macos-x86_64, r-oldrel-macos-x86_64