CRAN Package Check Results for Package partition

Last updated on 2021-06-22 07:49:37 CEST.

Flavor Version Tinstall Tcheck Ttotal Status Flags
r-devel-linux-x86_64-debian-clang 0.1.3 108.46 296.36 404.82 OK
r-devel-linux-x86_64-debian-gcc 0.1.3 76.57 208.45 285.02 OK
r-devel-linux-x86_64-fedora-clang 0.1.3 508.32 NOTE
r-devel-linux-x86_64-fedora-gcc 0.1.3 490.64 OK
r-devel-windows-x86_64 0.1.3 134.00 337.00 471.00 OK
r-devel-windows-x86_64-gcc10-UCRT 0.1.3 NOTE
r-patched-linux-x86_64 0.1.3 92.56 279.62 372.18 OK
r-patched-solaris-x86 0.1.3 679.60 OK
r-release-linux-x86_64 0.1.3 74.50 279.00 353.50 OK
r-release-macos-arm64 0.1.3 NOTE
r-release-macos-x86_64 0.1.3 NOTE
r-release-windows-ix86+x86_64 0.1.3 256.00 431.00 687.00 OK
r-oldrel-macos-x86_64 0.1.3 NOTE

Check Details

Version: 0.1.3
Check: installed package size
Result: NOTE
     installed size is 6.3Mb
     sub-directories of 1Mb or more:
     doc 1.2Mb
     libs 3.9Mb
Flavors: r-devel-linux-x86_64-fedora-clang, r-release-macos-arm64, r-release-macos-x86_64, r-oldrel-macos-x86_64

Version: 0.1.3
Check: package dependencies
Result: NOTE
    Package suggested but not available for checking: 'covr'
Flavor: r-devel-windows-x86_64-gcc10-UCRT