CRAN Package Check Results for Package parsnip

Last updated on 2021-06-21 07:48:52 CEST.

Flavor Version Tinstall Tcheck Ttotal Status Flags
r-devel-linux-x86_64-debian-clang 0.1.6 13.77 187.63 201.40 OK
r-devel-linux-x86_64-debian-gcc 0.1.6 10.99 149.67 160.66 OK
r-devel-linux-x86_64-fedora-clang 0.1.6 245.32 OK
r-devel-linux-x86_64-fedora-gcc 0.1.6 245.64 OK
r-devel-windows-x86_64 0.1.6 21.00 204.00 225.00 OK
r-devel-windows-x86_64-gcc10-UCRT 0.1.6 NOTE
r-patched-linux-x86_64 0.1.6 15.50 181.26 196.76 OK
r-patched-solaris-x86 0.1.6 333.00 OK
r-release-linux-x86_64 0.1.6 12.04 181.37 193.41 OK
r-release-macos-arm64 0.1.6 OK
r-release-macos-x86_64 0.1.6 OK
r-release-windows-ix86+x86_64 0.1.6 26.00 224.00 250.00 OK
r-oldrel-macos-x86_64 0.1.6 OK

Check Details

Version: 0.1.6
Check: package dependencies
Result: NOTE
    Packages suggested but not available for checking: 'covr', 'sparklyr'
Flavor: r-devel-windows-x86_64-gcc10-UCRT