CRAN Package Check Results for Package parcats

Last updated on 2021-06-15 08:50:03 CEST.

Flavor Version Tinstall Tcheck Ttotal Status Flags
r-devel-linux-x86_64-debian-clang 0.0.2 12.51 146.77 159.28 NOTE
r-devel-linux-x86_64-debian-gcc 0.0.2 10.39 108.82 119.21 NOTE
r-devel-linux-x86_64-fedora-clang 0.0.2 198.22 NOTE
r-devel-linux-x86_64-fedora-gcc 0.0.2 182.00 NOTE
r-devel-windows-x86_64 0.0.2 21.00 174.00 195.00 NOTE
r-devel-windows-x86_64-gcc10-UCRT 0.0.2 NOTE
r-patched-linux-x86_64 0.0.2 13.14 138.65 151.79 NOTE
r-patched-solaris-x86 0.0.2 262.40 NOTE
r-release-linux-x86_64 0.0.2 12.81 137.70 150.51 NOTE
r-release-macos-arm64 0.0.2 NOTE
r-release-macos-x86_64 0.0.2 NOTE
r-release-windows-ix86+x86_64 0.0.2 31.00 170.00 201.00 NOTE
r-oldrel-macos-x86_64 0.0.2 NOTE
r-oldrel-windows-ix86+x86_64 0.0.2 33.00 177.00 210.00 OK

Check Details

Version: 0.0.2
Check: LazyData
Result: NOTE
     'LazyData' is specified without a 'data' directory
Flavors: r-devel-linux-x86_64-debian-clang, r-devel-linux-x86_64-debian-gcc, r-devel-linux-x86_64-fedora-clang, r-devel-linux-x86_64-fedora-gcc, r-devel-windows-x86_64, r-devel-windows-x86_64-gcc10-UCRT, r-patched-linux-x86_64, r-patched-solaris-x86, r-release-linux-x86_64, r-release-macos-arm64, r-release-macos-x86_64, r-release-windows-ix86+x86_64

Version: 0.0.2
Check: dependencies in R code
Result: NOTE
    Namespaces in Imports field not imported from:
     ‘magrittr’ ‘tibble’
     All declared Imports should be used.
Flavors: r-devel-linux-x86_64-fedora-clang, r-devel-linux-x86_64-fedora-gcc, r-devel-windows-x86_64-gcc10-UCRT, r-patched-solaris-x86, r-release-macos-arm64, r-release-macos-x86_64, r-oldrel-macos-x86_64