CRAN Package Check Results for Package parallelMap

Last updated on 2021-08-03 07:54:35 CEST.

Flavor Version Tinstall Tcheck Ttotal Status Flags
r-devel-linux-x86_64-debian-clang 1.5.1 2.93 56.23 59.16 OK
r-devel-linux-x86_64-debian-gcc 1.5.1 2.65 44.98 47.63 OK
r-devel-linux-x86_64-fedora-clang 1.5.1 80.01 OK
r-devel-linux-x86_64-fedora-gcc 1.5.1 69.06 OK
r-devel-windows-x86_64 1.5.1 5.00 87.00 92.00 OK
r-devel-windows-x86_64-gcc10-UCRT 1.5.1 OK
r-patched-linux-x86_64 1.5.1 3.40 53.83 57.23 OK
r-patched-solaris-x86 1.5.1 127.70 OK
r-release-linux-x86_64 1.5.1 2.59 54.57 57.16 OK
r-release-macos-arm64 1.5.1 NOTE
r-release-macos-x86_64 1.5.1 NOTE
r-release-windows-ix86+x86_64 1.5.1 7.00 84.00 91.00 OK
r-oldrel-macos-x86_64 1.5.1 NOTE
r-oldrel-windows-ix86+x86_64 1.5.1 8.00 84.00 92.00 OK

Check Details

Version: 1.5.1
Check: package dependencies
Result: NOTE
    Package suggested but not available for checking: ‘Rmpi’
Flavors: r-release-macos-arm64, r-release-macos-x86_64, r-oldrel-macos-x86_64