CRAN Package Check Results for Package pamm

Last updated on 2021-05-08 07:48:16 CEST.

Flavor Version Tinstall Tcheck Ttotal Status Flags
r-devel-linux-x86_64-debian-clang 1.121 12.45 96.95 109.40 OK
r-devel-linux-x86_64-debian-gcc 1.121 9.59 72.07 81.66 OK
r-devel-linux-x86_64-fedora-clang 1.121 140.39 OK
r-devel-linux-x86_64-fedora-gcc 1.121 125.71 OK
r-devel-windows-ix86+x86_64 1.121 37.00 126.00 163.00 OK
r-devel-windows-x86_64-gcc10-UCRT 1.121 OK
r-patched-linux-x86_64 1.121 11.58 90.74 102.32 OK
r-patched-solaris-x86 1.121 181.10 OK
r-release-linux-x86_64 1.121 11.29 87.45 98.74 OK
r-release-macos-x86_64 1.121 OK
r-release-windows-ix86+x86_64 1.121 19.00 86.00 105.00 OK
r-oldrel-macos-x86_64 1.121 NOTE
r-oldrel-windows-ix86+x86_64 1.121 23.00 78.00 101.00 OK

Check Details

Version: 1.121
Check: dependencies in R code
Result: NOTE
    No protocol specified
Flavor: r-oldrel-macos-x86_64