CRAN Package Check Results for Package packagefinder

Last updated on 2021-06-24 07:50:20 CEST.

Flavor Version Tinstall Tcheck Ttotal Status Flags
r-devel-linux-x86_64-debian-clang 0.3.2 6.16 47.46 53.62 NOTE
r-devel-linux-x86_64-debian-gcc 0.3.2 4.81 38.14 42.95 NOTE
r-devel-linux-x86_64-fedora-clang 0.3.2 75.85 NOTE
r-devel-linux-x86_64-fedora-gcc 0.3.2 47.15 NOTE
r-devel-windows-x86_64 0.3.2 10.00 65.00 75.00 NOTE
r-devel-windows-x86_64-gcc10-UCRT 0.3.2 ERROR
r-patched-linux-x86_64 0.3.2 5.96 46.60 52.56 NOTE
r-patched-solaris-x86 0.3.2 104.50 NOTE
r-release-linux-x86_64 0.3.2 4.49 46.23 50.72 NOTE
r-release-macos-arm64 0.3.2 NOTE
r-release-macos-x86_64 0.3.2 NOTE
r-release-windows-ix86+x86_64 0.3.2 13.00 76.00 89.00 NOTE
r-oldrel-macos-x86_64 0.3.2 NOTE

Check Details

Version: 0.3.2
Check: LazyData
Result: NOTE
     'LazyData' is specified without a 'data' directory
Flavors: r-devel-linux-x86_64-debian-clang, r-devel-linux-x86_64-debian-gcc, r-devel-linux-x86_64-fedora-clang, r-devel-linux-x86_64-fedora-gcc, r-devel-windows-x86_64, r-patched-linux-x86_64, r-patched-solaris-x86, r-release-linux-x86_64, r-release-macos-arm64, r-release-macos-x86_64, r-release-windows-ix86+x86_64

Version: 0.3.2
Check: dependencies in R code
Result: NOTE
    Namespace in Imports field not imported from: ‘rstudioapi’
     All declared Imports should be used.
Flavors: r-devel-linux-x86_64-fedora-clang, r-devel-linux-x86_64-fedora-gcc, r-patched-solaris-x86, r-release-macos-arm64, r-release-macos-x86_64, r-oldrel-macos-x86_64

Version: 0.3.2
Check: package dependencies
Result: ERROR
    Package required but not available: 'httr'
    
    See section 'The DESCRIPTION file' in the 'Writing R Extensions'
    manual.
Flavor: r-devel-windows-x86_64-gcc10-UCRT