CRAN Package Check Results for Package packDAMipd

Last updated on 2021-06-24 07:50:20 CEST.

Flavor Version Tinstall Tcheck Ttotal Status Flags
r-devel-linux-x86_64-debian-clang 0.2.2 26.99 363.56 390.55 OK
r-devel-linux-x86_64-debian-gcc 0.2.2 20.88 263.98 284.86 OK
r-devel-linux-x86_64-fedora-clang 0.2.2 428.30 NOTE
r-devel-linux-x86_64-fedora-gcc 0.2.2 446.90 NOTE
r-devel-windows-x86_64 0.2.2 47.00 439.00 486.00 OK
r-devel-windows-x86_64-gcc10-UCRT 0.2.2 ERROR
r-patched-linux-x86_64 0.2.2 25.18 339.70 364.88 OK
r-patched-solaris-x86 0.2.2 581.50 NOTE
r-release-linux-x86_64 0.2.2 27.43 337.37 364.80 OK
r-release-macos-arm64 0.2.2 NOTE
r-release-macos-x86_64 0.2.2 NOTE
r-release-windows-ix86+x86_64 0.2.2 44.00 351.00 395.00 OK
r-oldrel-macos-x86_64 0.2.2 NOTE

Check Details

Version: 0.2.2
Check: package dependencies
Result: NOTE
    Imports includes 29 non-default packages.
    Importing from so many packages makes the package vulnerable to any of
    them becoming unavailable. Move as many as possible to Suggests and
    use conditionally.
Flavor: r-devel-linux-x86_64-fedora-clang

Version: 0.2.2
Check: dependencies in R code
Result: NOTE
    Namespaces in Imports field not imported from:
     ‘flexsurv’ ‘nlme’ ‘tibble’ ‘tidyverse’ ‘tm’
     All declared Imports should be used.
Flavors: r-devel-linux-x86_64-fedora-clang, r-devel-linux-x86_64-fedora-gcc, r-patched-solaris-x86, r-release-macos-arm64, r-release-macos-x86_64, r-oldrel-macos-x86_64

Version: 0.2.2
Check: package dependencies
Result: ERROR
    Packages required but not available:
     'survminer', 'systemfit', 'IPDFileCheck', 'car', 'tidyverse'
    
    Package suggested but not available for checking: 'covr'
    
    See section 'The DESCRIPTION file' in the 'Writing R Extensions'
    manual.
Flavor: r-devel-windows-x86_64-gcc10-UCRT

Version: 0.2.2
Check: installed package size
Result: NOTE
     installed size is 5.1Mb
     sub-directories of 1Mb or more:
     extdata 3.8Mb
Flavor: r-patched-solaris-x86