CRAN Package Check Results for Package pGMGM

Last updated on 2021-07-28 07:49:34 CEST.

Flavor Version Tinstall Tcheck Ttotal Status Flags
r-devel-linux-x86_64-debian-clang 1.0 OK
r-devel-linux-x86_64-debian-gcc 1.0 4.77 34.07 38.84 OK
r-devel-linux-x86_64-fedora-clang 1.0 71.50 NOTE
r-devel-linux-x86_64-fedora-gcc 1.0 60.11 NOTE
r-devel-windows-x86_64 1.0 11.00 58.00 69.00 OK
r-devel-windows-x86_64-gcc10-UCRT 1.0 OK
r-patched-linux-x86_64 1.0 5.65 43.61 49.26 OK
r-patched-solaris-x86 1.0 98.10 OK
r-release-linux-x86_64 1.0 5.51 43.66 49.17 OK
r-release-macos-arm64 1.0 OK
r-release-macos-x86_64 1.0 OK
r-release-windows-ix86+x86_64 1.0 19.00 76.00 95.00 OK
r-oldrel-macos-x86_64 1.0 OK
r-oldrel-windows-ix86+x86_64 1.0 15.00 97.00 112.00 OK

Check Details

Version: 1.0
Check: compiled code
Result: NOTE
    File ‘pGMGM/libs/pGMGM.so’:
     Found no calls to: ‘R_registerRoutines’, ‘R_useDynamicSymbols’
    
    It is good practice to register native routines and to disable symbol
    search.
    
    See ‘Writing portable packages’ in the ‘Writing R Extensions’ manual.
Flavors: r-devel-linux-x86_64-fedora-clang, r-devel-linux-x86_64-fedora-gcc