CRAN Package Check Results for Package oysteR

Last updated on 2021-06-25 08:50:08 CEST.

Flavor Version Tinstall Tcheck Ttotal Status Flags
r-devel-linux-x86_64-debian-clang 0.1.1 4.63 46.92 51.55 NOTE
r-devel-linux-x86_64-debian-gcc 0.1.1 3.67 35.04 38.71 NOTE
r-devel-linux-x86_64-fedora-clang 0.1.1 68.61 NOTE
r-devel-linux-x86_64-fedora-gcc 0.1.1 57.74 NOTE
r-devel-windows-x86_64 0.1.1 8.00 48.00 56.00 NOTE
r-devel-windows-x86_64-gcc10-UCRT 0.0.1 NOTE
r-patched-linux-x86_64 0.1.1 4.51 43.32 47.83 NOTE
r-patched-solaris-x86 0.1.1 91.50 NOTE
r-release-linux-x86_64 0.1.1 3.87 44.13 48.00 NOTE
r-release-macos-arm64 0.1.1 NOTE
r-release-macos-x86_64 0.1.1 NOTE
r-release-windows-ix86+x86_64 0.1.1 8.00 48.00 56.00 NOTE
r-oldrel-macos-x86_64 0.1.1 OK
r-oldrel-windows-ix86+x86_64 0.1.1 13.00 58.00 71.00 OK

Check Details

Version: 0.1.1
Check: LazyData
Result: NOTE
     'LazyData' is specified without a 'data' directory
Flavors: r-devel-linux-x86_64-debian-clang, r-devel-linux-x86_64-debian-gcc, r-devel-linux-x86_64-fedora-clang, r-devel-linux-x86_64-fedora-gcc, r-devel-windows-x86_64, r-devel-windows-x86_64-gcc10-UCRT, r-patched-linux-x86_64, r-patched-solaris-x86, r-release-linux-x86_64, r-release-macos-arm64, r-release-macos-x86_64, r-release-windows-ix86+x86_64