CRAN Package Check Results for Package oro.pet

Last updated on 2021-08-04 07:49:46 CEST.

Flavor Version Tinstall Tcheck Ttotal Status Flags
r-devel-linux-x86_64-debian-clang 0.2.6 8.63 80.45 89.08 OK
r-devel-linux-x86_64-debian-gcc 0.2.6 7.91 61.43 69.34 OK
r-devel-linux-x86_64-fedora-clang 0.2.6 116.66 NOTE
r-devel-linux-x86_64-fedora-gcc 0.2.6 105.35 NOTE
r-devel-windows-x86_64 0.2.6 12.00 97.00 109.00 OK
r-devel-windows-x86_64-gcc10-UCRT 0.2.6 NOTE
r-patched-linux-x86_64 0.2.6 9.18 76.44 85.62 OK
r-patched-solaris-x86 0.2.6 151.40 NOTE
r-release-linux-x86_64 0.2.6 9.34 78.01 87.35 OK
r-release-macos-arm64 0.2.6 NOTE
r-release-macos-x86_64 0.2.6 NOTE
r-release-windows-ix86+x86_64 0.2.6 21.00 75.00 96.00 OK
r-oldrel-macos-x86_64 0.2.6 NOTE
r-oldrel-windows-ix86+x86_64 0.2.6 16.00 98.00 114.00 OK

Check Details

Version: 0.2.6
Check: dependencies in R code
Result: NOTE
    Namespace in Imports field not imported from: ‘grDevices’
     All declared Imports should be used.
Flavors: r-devel-linux-x86_64-fedora-clang, r-devel-linux-x86_64-fedora-gcc, r-devel-windows-x86_64-gcc10-UCRT, r-patched-solaris-x86, r-release-macos-arm64, r-release-macos-x86_64, r-oldrel-macos-x86_64