CRAN Package Check Results for Package ordinalpattern

Last updated on 2021-07-24 07:49:33 CEST.

Flavor Version Tinstall Tcheck Ttotal Status Flags
r-devel-linux-x86_64-debian-clang 0.2.0 2.85 24.22 27.07 NOTE
r-devel-linux-x86_64-debian-gcc 0.2.0 2.19 19.19 21.38 NOTE
r-devel-linux-x86_64-fedora-clang 0.2.0 42.67 NOTE
r-devel-linux-x86_64-fedora-gcc 0.2.0 31.74 NOTE
r-devel-windows-x86_64 0.2.0 5.00 35.00 40.00 NOTE
r-devel-windows-x86_64-gcc10-UCRT 0.2.0 NOTE
r-patched-linux-x86_64 0.2.0 2.74 23.47 26.21 NOTE
r-patched-solaris-x86 0.2.0 51.50 NOTE
r-release-linux-x86_64 0.2.0 2.81 23.32 26.13 NOTE
r-release-macos-arm64 0.2.0 NOTE
r-release-macos-x86_64 0.2.0 NOTE
r-release-windows-ix86+x86_64 0.2.0 8.00 37.00 45.00 NOTE
r-oldrel-macos-x86_64 0.2.0 OK
r-oldrel-windows-ix86+x86_64 0.2.0 16.00 49.00 65.00 OK

Check Details

Version: 0.2.0
Check: LazyData
Result: NOTE
     'LazyData' is specified without a 'data' directory
Flavors: r-devel-linux-x86_64-debian-clang, r-devel-linux-x86_64-debian-gcc, r-devel-linux-x86_64-fedora-clang, r-devel-linux-x86_64-fedora-gcc, r-devel-windows-x86_64, r-devel-windows-x86_64-gcc10-UCRT, r-patched-linux-x86_64, r-patched-solaris-x86, r-release-linux-x86_64, r-release-macos-arm64, r-release-macos-x86_64, r-release-windows-ix86+x86_64

Version: 0.2.0
Check: compiled code
Result: NOTE
    File ‘ordinalpattern/libs/ordinalpattern.so’:
     Found no calls to: ‘R_registerRoutines’, ‘R_useDynamicSymbols’
    
    It is good practice to register native routines and to disable symbol
    search.
    
    See ‘Writing portable packages’ in the ‘Writing R Extensions’ manual.
Flavors: r-devel-linux-x86_64-fedora-clang, r-devel-linux-x86_64-fedora-gcc