CRAN Package Check Results for Package optweight

Last updated on 2021-10-25 07:50:25 CEST.

Flavor Version Tinstall Tcheck Ttotal Status Flags
r-devel-linux-x86_64-debian-clang 0.2.5 11.77 96.64 108.41 NOTE
r-devel-linux-x86_64-debian-gcc 0.2.5 10.55 71.25 81.80 NOTE
r-devel-linux-x86_64-fedora-clang 0.2.5 139.01 NOTE
r-devel-linux-x86_64-fedora-gcc 0.2.5 126.15 NOTE
r-devel-windows-x86_64 0.2.5 19.00 113.00 132.00 NOTE
r-devel-windows-x86_64-gcc10-UCRT 0.2.5 NOTE
r-patched-linux-x86_64 0.2.5 11.85 91.55 103.40 NOTE
r-patched-solaris-x86 0.2.5 177.10 NOTE
r-release-linux-x86_64 0.2.5 13.96 91.68 105.64 NOTE
r-release-macos-arm64 0.2.5 NOTE
r-release-macos-x86_64 0.2.5 NOTE
r-release-windows-ix86+x86_64 0.2.5 19.00 117.00 136.00 NOTE
r-oldrel-macos-x86_64 0.2.5 OK
r-oldrel-windows-ix86+x86_64 0.2.5 30.00 113.00 143.00 OK

Check Details

Version: 0.2.5
Check: LazyData
Result: NOTE
     'LazyData' is specified without a 'data' directory
Flavors: r-devel-linux-x86_64-debian-clang, r-devel-linux-x86_64-debian-gcc, r-devel-linux-x86_64-fedora-clang, r-devel-linux-x86_64-fedora-gcc, r-devel-windows-x86_64, r-devel-windows-x86_64-gcc10-UCRT, r-patched-linux-x86_64, r-patched-solaris-x86, r-release-linux-x86_64, r-release-macos-arm64, r-release-macos-x86_64, r-release-windows-ix86+x86_64