CRAN Package Check Results for Package opentripplanner

Last updated on 2021-08-04 07:49:45 CEST.

Flavor Version Tinstall Tcheck Ttotal Status Flags
r-devel-linux-x86_64-debian-clang 0.3.1 4.14 40.52 44.66 OK
r-devel-linux-x86_64-debian-gcc 0.3.1 3.17 31.45 34.62 OK
r-devel-linux-x86_64-fedora-clang 0.3.1 61.76 NOTE
r-devel-linux-x86_64-fedora-gcc 0.3.1 52.90 NOTE
r-devel-windows-x86_64 0.3.1 5.00 59.00 64.00 OK
r-devel-windows-x86_64-gcc10-UCRT 0.3.1 NOTE
r-patched-linux-x86_64 0.3.1 4.08 38.98 43.06 OK
r-patched-solaris-x86 0.3.1 73.90 NOTE
r-release-linux-x86_64 0.3.1 3.40 39.10 42.50 OK
r-release-macos-arm64 0.3.1 NOTE
r-release-macos-x86_64 0.3.1 NOTE
r-release-windows-ix86+x86_64 0.3.1 9.00 55.00 64.00 OK
r-oldrel-macos-x86_64 0.3.1 NOTE
r-oldrel-windows-ix86+x86_64 0.3.1 6.00 59.00 65.00 OK

Check Details

Version: 0.3.1
Check: dependencies in R code
Result: NOTE
    Namespace in Imports field not imported from: ‘tibble’
     All declared Imports should be used.
Flavors: r-devel-linux-x86_64-fedora-clang, r-devel-linux-x86_64-fedora-gcc, r-devel-windows-x86_64-gcc10-UCRT, r-patched-solaris-x86, r-release-macos-arm64, r-release-macos-x86_64, r-oldrel-macos-x86_64

Version: 0.3.1
Check: package dependencies
Result: NOTE
    Package suggested but not available for checking: ‘RcppSimdJson’
Flavor: r-patched-solaris-x86