CRAN Package Check Results for Package onls

Last updated on 2021-07-24 07:49:33 CEST.

Flavor Version Tinstall Tcheck Ttotal Status Flags
r-devel-linux-x86_64-debian-clang 0.1-1 3.31 44.31 47.62 NOTE
r-devel-linux-x86_64-debian-gcc 0.1-1 2.25 33.43 35.68 NOTE
r-devel-linux-x86_64-fedora-clang 0.1-1 65.62 NOTE
r-devel-linux-x86_64-fedora-gcc 0.1-1 55.75 NOTE
r-devel-windows-x86_64 0.1-1 4.00 56.00 60.00 NOTE
r-devel-windows-x86_64-gcc10-UCRT 0.1-1 NOTE
r-patched-linux-x86_64 0.1-1 4.23 41.90 46.13 NOTE
r-patched-solaris-x86 0.1-1 75.60 NOTE
r-release-linux-x86_64 0.1-1 2.64 73.69 76.33 NOTE
r-release-macos-arm64 0.1-1 NOTE
r-release-macos-x86_64 0.1-1 NOTE
r-release-windows-ix86+x86_64 0.1-1 6.00 60.00 66.00 NOTE
r-oldrel-macos-x86_64 0.1-1 OK
r-oldrel-windows-ix86+x86_64 0.1-1 6.00 49.00 55.00 OK

Check Details

Version: 0.1-1
Check: LazyData
Result: NOTE
     'LazyData' is specified without a 'data' directory
Flavors: r-devel-linux-x86_64-debian-clang, r-devel-linux-x86_64-debian-gcc, r-devel-linux-x86_64-fedora-clang, r-devel-linux-x86_64-fedora-gcc, r-devel-windows-x86_64, r-devel-windows-x86_64-gcc10-UCRT, r-patched-linux-x86_64, r-patched-solaris-x86, r-release-linux-x86_64, r-release-macos-arm64, r-release-macos-x86_64, r-release-windows-ix86+x86_64