CRAN Package Check Results for Package onehot

Last updated on 2021-09-28 07:48:35 CEST.

Flavor Version Tinstall Tcheck Ttotal Status Flags
r-devel-linux-x86_64-debian-clang 0.1.1 2.51 20.62 23.13 NOTE
r-devel-linux-x86_64-debian-gcc 0.1.1 1.91 16.32 18.23 NOTE
r-devel-linux-x86_64-fedora-clang 0.1.1 36.78 NOTE
r-devel-linux-x86_64-fedora-gcc 0.1.1 27.04 NOTE
r-devel-windows-x86_64 0.1.1 4.00 25.00 29.00 NOTE
r-devel-windows-x86_64-gcc10-UCRT 0.1.1 NOTE
r-patched-linux-x86_64 0.1.1 2.31 20.11 22.42 NOTE
r-patched-solaris-x86 0.1.1 43.10 NOTE
r-release-linux-x86_64 0.1.1 2.28 19.90 22.18 NOTE
r-release-macos-arm64 0.1.1 NOTE
r-release-macos-x86_64 0.1.1 NOTE
r-release-windows-ix86+x86_64 0.1.1 7.00 30.00 37.00 NOTE
r-oldrel-macos-x86_64 0.1.1 OK
r-oldrel-windows-ix86+x86_64 0.1.1 6.00 29.00 35.00 OK

Check Details

Version: 0.1.1
Check: LazyData
Result: NOTE
     'LazyData' is specified without a 'data' directory
Flavors: r-devel-linux-x86_64-debian-clang, r-devel-linux-x86_64-debian-gcc, r-devel-linux-x86_64-fedora-clang, r-devel-linux-x86_64-fedora-gcc, r-devel-windows-x86_64, r-devel-windows-x86_64-gcc10-UCRT, r-patched-linux-x86_64, r-patched-solaris-x86, r-release-linux-x86_64, r-release-macos-arm64, r-release-macos-x86_64, r-release-windows-ix86+x86_64