CRAN Package Check Results for Package occCite

Last updated on 2021-06-22 07:49:36 CEST.

Flavor Version Tinstall Tcheck Ttotal Status Flags
r-devel-linux-x86_64-debian-clang 0.4.8 10.18 122.98 133.16 OK
r-devel-linux-x86_64-debian-gcc 0.4.8 8.68 91.80 100.48 OK
r-devel-linux-x86_64-fedora-clang 0.4.8 168.47 NOTE
r-devel-linux-x86_64-fedora-gcc 0.4.8 154.77 NOTE
r-devel-windows-x86_64 0.4.8 18.00 158.00 176.00 OK
r-devel-windows-x86_64-gcc10-UCRT 0.4.8 ERROR
r-patched-linux-x86_64 0.4.8 15.54 115.82 131.36 OK
r-patched-solaris-x86 0.4.8 205.50 NOTE
r-release-linux-x86_64 0.4.8 9.11 116.65 125.76 OK
r-release-macos-arm64 0.4.8 NOTE
r-release-macos-x86_64 0.4.8 NOTE
r-release-windows-ix86+x86_64 0.4.8 19.00 190.00 209.00 OK
r-oldrel-macos-x86_64 0.4.8 NOTE

Check Details

Version: 0.4.8
Check: dependencies in R code
Result: NOTE
    Namespace in Imports field not imported from: ‘bit64’
     All declared Imports should be used.
Flavors: r-devel-linux-x86_64-fedora-clang, r-devel-linux-x86_64-fedora-gcc, r-patched-solaris-x86, r-release-macos-arm64, r-release-macos-x86_64, r-oldrel-macos-x86_64

Version: 0.4.8
Check: data for non-ASCII characters
Result: NOTE
     Note: found 6 marked UTF-8 strings
Flavors: r-devel-linux-x86_64-fedora-clang, r-devel-linux-x86_64-fedora-gcc, r-patched-solaris-x86, r-release-macos-arm64, r-release-macos-x86_64, r-oldrel-macos-x86_64

Version: 0.4.8
Check: package dependencies
Result: ERROR
    Packages required but not available: 'bib2df', 'rgbif', 'taxize'
    
    Packages suggested but not available for checking: 'RefManageR', 'covr'
    
    See section 'The DESCRIPTION file' in the 'Writing R Extensions'
    manual.
Flavor: r-devel-windows-x86_64-gcc10-UCRT