CRAN Package Check Results for Package obliqueRSF

Last updated on 2021-09-21 07:50:23 CEST.

Flavor Version Tinstall Tcheck Ttotal Status Flags
r-devel-linux-x86_64-debian-clang 0.1.1 50.98 105.63 156.61 NOTE
r-devel-linux-x86_64-debian-gcc 0.1.1 38.74 78.93 117.67 NOTE
r-devel-linux-x86_64-fedora-clang 0.1.1 209.58 NOTE
r-devel-linux-x86_64-fedora-gcc 0.1.1 191.62 NOTE
r-devel-windows-x86_64 0.1.1 49.00 105.00 154.00 NOTE
r-devel-windows-x86_64-gcc10-UCRT 0.1.1 ERROR
r-patched-linux-x86_64 0.1.1 44.62 97.91 142.53 NOTE
r-patched-solaris-x86 0.1.1 232.50 NOTE
r-release-linux-x86_64 0.1.1 44.77 97.61 142.38 NOTE
r-release-macos-arm64 0.1.1 NOTE
r-release-macos-x86_64 0.1.1 NOTE
r-release-windows-ix86+x86_64 0.1.1 122.00 142.00 264.00 NOTE
r-oldrel-macos-x86_64 0.1.1 OK
r-oldrel-windows-ix86+x86_64 0.1.1 121.00 146.00 267.00 OK

Check Details

Version: 0.1.1
Check: LazyData
Result: NOTE
     'LazyData' is specified without a 'data' directory
Flavors: r-devel-linux-x86_64-debian-clang, r-devel-linux-x86_64-debian-gcc, r-devel-linux-x86_64-fedora-clang, r-devel-linux-x86_64-fedora-gcc, r-devel-windows-x86_64, r-patched-linux-x86_64, r-patched-solaris-x86, r-release-linux-x86_64, r-release-macos-arm64, r-release-macos-x86_64, r-release-windows-ix86+x86_64

Version: 0.1.1
Check: whether package can be installed
Result: ERROR
    Installation failed.
Flavor: r-devel-windows-x86_64-gcc10-UCRT