CRAN Package Check Results for Package obliqueRSF

Last updated on 2021-06-14 07:48:44 CEST.

Flavor Version Tinstall Tcheck Ttotal Status Flags
r-devel-linux-x86_64-debian-clang 0.1.1 49.70 99.37 149.07 NOTE
r-devel-linux-x86_64-debian-gcc 0.1.1 37.75 74.70 112.45 NOTE
r-devel-linux-x86_64-fedora-clang 0.1.1 197.43 NOTE
r-devel-linux-x86_64-fedora-gcc 0.1.1 181.19 NOTE
r-devel-windows-x86_64 0.1.1 69.00 128.00 197.00 NOTE
r-devel-windows-x86_64-gcc10-UCRT 0.1.1 NOTE
r-patched-linux-x86_64 0.1.1 41.61 93.32 134.93 NOTE
r-patched-solaris-x86 0.1.1 239.20 NOTE
r-release-linux-x86_64 0.1.1 42.27 93.85 136.12 NOTE
r-release-macos-arm64 0.1.1 NOTE
r-release-macos-x86_64 0.1.1 NOTE
r-release-windows-ix86+x86_64 0.1.1 120.00 170.00 290.00 NOTE
r-oldrel-macos-x86_64 0.1.1 OK
r-oldrel-windows-ix86+x86_64 0.1.1 120.00 171.00 291.00 OK

Check Details

Version: 0.1.1
Check: LazyData
Result: NOTE
     'LazyData' is specified without a 'data' directory
Flavors: r-devel-linux-x86_64-debian-clang, r-devel-linux-x86_64-debian-gcc, r-devel-linux-x86_64-fedora-clang, r-devel-linux-x86_64-fedora-gcc, r-devel-windows-x86_64, r-devel-windows-x86_64-gcc10-UCRT, r-patched-linux-x86_64, r-patched-solaris-x86, r-release-linux-x86_64, r-release-macos-arm64, r-release-macos-x86_64, r-release-windows-ix86+x86_64