CRAN Package Check Results for Package nzelect

Last updated on 2021-06-19 07:48:58 CEST.

Flavor Version Tinstall Tcheck Ttotal Status Flags
r-devel-linux-x86_64-debian-clang 0.4.0 10.17 62.65 72.82 OK
r-devel-linux-x86_64-debian-gcc 0.4.0 10.64 48.68 59.32 OK
r-devel-linux-x86_64-fedora-clang 0.4.0 100.52 NOTE
r-devel-linux-x86_64-fedora-gcc 0.4.0 88.67 NOTE
r-devel-windows-x86_64 0.4.0 19.00 77.00 96.00 OK
r-devel-windows-x86_64-gcc10-UCRT 0.4.0 NOTE
r-patched-linux-x86_64 0.4.0 12.25 59.07 71.32 OK
r-patched-solaris-x86 0.4.0 144.50 NOTE
r-release-linux-x86_64 0.4.0 10.88 59.77 70.65 OK
r-release-macos-arm64 0.4.0 NOTE
r-release-macos-x86_64 0.4.0 NOTE
r-release-windows-ix86+x86_64 0.4.0 20.00 80.00 100.00 OK
r-oldrel-macos-x86_64 0.4.0 NOTE
r-oldrel-windows-ix86+x86_64 0.4.0 17.00 79.00 96.00 OK

Check Details

Version: 0.4.0
Check: data for non-ASCII characters
Result: NOTE
     Note: found 6409 marked UTF-8 strings
Flavors: r-devel-linux-x86_64-fedora-clang, r-devel-linux-x86_64-fedora-gcc, r-devel-windows-x86_64-gcc10-UCRT, r-patched-solaris-x86, r-release-macos-arm64, r-release-macos-x86_64, r-oldrel-macos-x86_64

Version: 0.4.0
Check: installed package size
Result: NOTE
     installed size is 5.3Mb
     sub-directories of 1Mb or more:
     data 5.0Mb
Flavor: r-release-macos-arm64