CRAN Package Check Results for Package nzelect

Last updated on 2021-09-18 08:50:51 CEST.

Flavor Version Tinstall Tcheck Ttotal Status Flags
r-devel-linux-x86_64-debian-clang 0.4.0 10.81 64.35 75.16 OK
r-devel-linux-x86_64-debian-gcc 0.4.0 10.92 49.59 60.51 OK
r-devel-linux-x86_64-fedora-clang 0.4.0 101.44 NOTE
r-devel-linux-x86_64-fedora-gcc 0.4.0 90.17 NOTE
r-devel-windows-x86_64 0.4.0 16.00 86.00 102.00 OK
r-devel-windows-x86_64-gcc10-UCRT 0.4.0 NOTE
r-patched-linux-x86_64 0.4.0 10.56 60.14 70.70 OK
r-patched-solaris-x86 0.4.0 150.60 NOTE
r-release-linux-x86_64 0.4.0 11.28 59.94 71.22 OK
r-release-macos-arm64 0.4.0 NOTE
r-release-macos-x86_64 0.4.0 NOTE
r-release-windows-ix86+x86_64 0.4.0 20.00 68.00 88.00 OK
r-oldrel-macos-x86_64 0.4.0 NOTE
r-oldrel-windows-ix86+x86_64 0.4.0 20.00 63.00 83.00 OK

Check Details

Version: 0.4.0
Check: data for non-ASCII characters
Result: NOTE
     Note: found 6409 marked UTF-8 strings
Flavors: r-devel-linux-x86_64-fedora-clang, r-devel-linux-x86_64-fedora-gcc, r-devel-windows-x86_64-gcc10-UCRT, r-patched-solaris-x86, r-release-macos-arm64, r-release-macos-x86_64, r-oldrel-macos-x86_64

Version: 0.4.0
Check: installed package size
Result: NOTE
     installed size is 5.3Mb
     sub-directories of 1Mb or more:
     data 5.0Mb
Flavor: r-release-macos-arm64