CRAN Package Check Results for Package nse

Last updated on 2021-09-22 07:51:28 CEST.

Flavor Version Tinstall Tcheck Ttotal Status Flags
r-devel-linux-x86_64-debian-clang 1.20 27.22 78.10 105.32 OK
r-devel-linux-x86_64-debian-gcc 1.20 17.83 60.61 78.44 OK
r-devel-linux-x86_64-fedora-clang 1.20 139.98 OK
r-devel-linux-x86_64-fedora-gcc 1.20 122.63 OK
r-devel-windows-x86_64 1.20 27.00 81.00 108.00 OK
r-devel-windows-x86_64-gcc10-UCRT 1.20 ERROR
r-patched-linux-x86_64 1.20 25.19 75.39 100.58 OK
r-patched-solaris-x86 1.20 173.00 OK
r-release-linux-x86_64 1.20 19.44 75.23 94.67 OK
r-release-macos-arm64 1.20 OK
r-release-macos-x86_64 1.20 OK
r-release-windows-ix86+x86_64 1.20 61.00 105.00 166.00 OK
r-oldrel-macos-x86_64 1.20 OK
r-oldrel-windows-ix86+x86_64 1.20 46.00 106.00 152.00 OK

Check Details

Version: 1.20
Check: whether package can be installed
Result: ERROR
    Installation failed.
Flavor: r-devel-windows-x86_64-gcc10-UCRT