CRAN Package Check Results for Package np

Last updated on 2021-08-04 07:49:45 CEST.

Flavor Version Tinstall Tcheck Ttotal Status Flags
r-devel-linux-x86_64-debian-clang 0.60-11 64.93 469.41 534.34 OK
r-devel-linux-x86_64-debian-gcc 0.60-11 46.97 342.93 389.90 OK
r-devel-linux-x86_64-fedora-clang 0.60-11 634.13 NOTE
r-devel-linux-x86_64-fedora-gcc 0.60-11 631.91 OK
r-devel-windows-x86_64 0.60-11 61.00 179.00 240.00 OK --no-examples --no-tests --no-vignettes
r-devel-windows-x86_64-gcc10-UCRT 0.60-11 OK
r-patched-linux-x86_64 0.60-11 55.20 453.01 508.21 OK
r-patched-solaris-x86 0.60-11 940.60 OK
r-release-linux-x86_64 0.60-11 55.63 450.13 505.76 OK
r-release-macos-arm64 0.60-11 OK
r-release-macos-x86_64 0.60-11 OK
r-release-windows-ix86+x86_64 0.60-11 128.00 151.00 279.00 OK --no-examples --no-tests --no-vignettes
r-oldrel-macos-x86_64 0.60-11 OK
r-oldrel-windows-ix86+x86_64 0.60-11 93.00 208.00 301.00 OK --no-examples --no-tests --no-vignettes

Additional issues

clang-UBSAN

Check Details

Version: 0.60-11
Check: Rd cross-references
Result: NOTE
    Undeclared packages ‘logspline’, ‘ks’ in Rd xrefs
Flavor: r-devel-linux-x86_64-fedora-clang