CRAN Package Check Results for Package nos

Last updated on 2021-09-28 07:48:35 CEST.

Flavor Version Tinstall Tcheck Ttotal Status Flags
r-devel-linux-x86_64-debian-clang 1.1.0 5.15 61.41 66.56 OK
r-devel-linux-x86_64-debian-gcc 1.1.0 3.37 45.43 48.80 OK
r-devel-linux-x86_64-fedora-clang 1.1.0 87.40 NOTE
r-devel-linux-x86_64-fedora-gcc 1.1.0 75.32 OK
r-devel-windows-x86_64 1.1.0 7.00 62.00 69.00 OK
r-devel-windows-x86_64-gcc10-UCRT 1.1.0 OK
r-patched-linux-x86_64 1.1.0 3.95 56.84 60.79 OK
r-patched-solaris-x86 1.1.0 106.80 OK
r-release-linux-x86_64 1.1.0 3.98 56.01 59.99 OK
r-release-macos-arm64 1.1.0 OK
r-release-macos-x86_64 1.1.0 OK
r-release-windows-ix86+x86_64 1.1.0 12.00 60.00 72.00 OK
r-oldrel-macos-x86_64 1.1.0 OK
r-oldrel-windows-ix86+x86_64 1.1.0 9.00 60.00 69.00 OK

Check Details

Version: 1.1.0
Check: Rd cross-references
Result: NOTE
    Undeclared package ‘bipartite’ in Rd xrefs
Flavor: r-devel-linux-x86_64-fedora-clang