CRAN Package Check Results for Package nonnest2

Last updated on 2021-07-30 07:50:21 CEST.

Flavor Version Tinstall Tcheck Ttotal Status Flags
r-devel-linux-x86_64-debian-clang 0.5-5 NOTE
r-devel-linux-x86_64-debian-gcc 0.5-5 3.31 44.63 47.94 NOTE
r-devel-linux-x86_64-fedora-clang 0.5-5 83.57 NOTE
r-devel-linux-x86_64-fedora-gcc 0.5-5 72.33 NOTE
r-devel-windows-x86_64 0.5-5 6.00 83.00 89.00 NOTE
r-devel-windows-x86_64-gcc10-UCRT 0.5-5 NOTE
r-patched-linux-x86_64 0.5-5 NOTE
r-patched-solaris-x86 0.5-5 104.20 NOTE
r-release-linux-x86_64 0.5-5 3.03 55.62 58.65 NOTE
r-release-macos-arm64 0.5-5 NOTE
r-release-macos-x86_64 0.5-5 NOTE
r-release-windows-ix86+x86_64 0.5-5 10.00 85.00 95.00 NOTE
r-oldrel-macos-x86_64 0.5-5 OK
r-oldrel-windows-ix86+x86_64 0.5-5 9.00 87.00 96.00 OK

Check Details

Version: 0.5-5
Check: LazyData
Result: NOTE
     'LazyData' is specified without a 'data' directory
Flavors: r-devel-linux-x86_64-debian-clang, r-devel-linux-x86_64-debian-gcc, r-devel-linux-x86_64-fedora-clang, r-devel-linux-x86_64-fedora-gcc, r-devel-windows-x86_64, r-devel-windows-x86_64-gcc10-UCRT, r-patched-linux-x86_64, r-patched-solaris-x86, r-release-linux-x86_64, r-release-macos-arm64, r-release-macos-x86_64, r-release-windows-ix86+x86_64