CRAN Package Check Results for Package nomogramFormula

Last updated on 2021-06-12 08:50:11 CEST.

Flavor Version Tinstall Tcheck Ttotal Status Flags
r-devel-linux-x86_64-debian-clang 1.2.0.0 2.53 32.26 34.79 NOTE
r-devel-linux-x86_64-debian-gcc 1.2.0.0 2.07 24.86 26.93 NOTE
r-devel-linux-x86_64-fedora-clang 1.2.0.0 50.65 NOTE
r-devel-linux-x86_64-fedora-gcc 1.2.0.0 40.43 NOTE
r-devel-windows-x86_64 1.2.0.0 7.00 47.00 54.00 NOTE
r-devel-windows-x86_64-gcc10-UCRT 1.2.0.0 NOTE
r-patched-linux-x86_64 1.2.0.0 2.72 30.75 33.47 NOTE
r-patched-solaris-x86 1.2.0.0 63.00 NOTE
r-release-linux-x86_64 1.2.0.0 2.63 30.85 33.48 NOTE
r-release-macos-arm64 1.2.0.0 NOTE
r-release-macos-x86_64 1.2.0.0 NOTE
r-release-windows-ix86+x86_64 1.2.0.0 8.00 49.00 57.00 NOTE
r-oldrel-macos-x86_64 1.2.0.0 OK
r-oldrel-windows-ix86+x86_64 1.2.0.0 7.00 51.00 58.00 OK

Check Details

Version: 1.2.0.0
Check: LazyData
Result: NOTE
     'LazyData' is specified without a 'data' directory
Flavors: r-devel-linux-x86_64-debian-clang, r-devel-linux-x86_64-debian-gcc, r-devel-linux-x86_64-fedora-clang, r-devel-linux-x86_64-fedora-gcc, r-devel-windows-x86_64, r-devel-windows-x86_64-gcc10-UCRT, r-patched-linux-x86_64, r-patched-solaris-x86, r-release-linux-x86_64, r-release-macos-arm64, r-release-macos-x86_64, r-release-windows-ix86+x86_64