CRAN Package Check Results for Package nlstimedist

Last updated on 2021-07-28 07:49:32 CEST.

Flavor Version Tinstall Tcheck Ttotal Status Flags
r-devel-linux-x86_64-debian-clang 2.0.0 OK
r-devel-linux-x86_64-debian-gcc 2.0.0 3.81 46.51 50.32 OK
r-devel-linux-x86_64-fedora-clang 2.0.0 86.52 OK
r-devel-linux-x86_64-fedora-gcc 2.0.0 76.42 OK
r-devel-windows-x86_64 2.0.0 10.00 87.00 97.00 OK
r-devel-windows-x86_64-gcc10-UCRT 2.0.0 OK
r-patched-linux-x86_64 2.0.0 5.17 58.06 63.23 OK
r-patched-solaris-x86 2.0.0 110.80 OK
r-release-linux-x86_64 2.0.0 5.04 57.66 62.70 OK
r-release-macos-arm64 2.0.0 WARN
r-release-macos-x86_64 2.0.0 OK
r-release-windows-ix86+x86_64 2.0.0 13.00 68.00 81.00 OK
r-oldrel-macos-x86_64 2.0.0 OK
r-oldrel-windows-ix86+x86_64 2.0.0 12.00 89.00 101.00 OK

Check Details

Version: 2.0.0
Check: re-building of vignette outputs
Result: WARN
    Error(s) in re-building vignettes:
     ...
    --- re-building ‘nlstimedist.Rmd’ using rmarkdown
    Warning in engine$weave(file, quiet = quiet, encoding = enc) :
     Pandoc (>= 1.12.3) not available. Falling back to R Markdown v1.
    Quitting from lines 150-151 (nlstimedist.Rmd)
    Error: processing vignette 'nlstimedist.Rmd' failed with diagnostics:
    polygon edge not found
    --- failed re-building ‘nlstimedist.Rmd’
    
    SUMMARY: processing the following file failed:
     ‘nlstimedist.Rmd’
    
    Error: Vignette re-building failed.
    Execution halted
Flavor: r-release-macos-arm64