CRAN Package Check Results for Package nlraa

Last updated on 2021-05-12 07:48:32 CEST.

Flavor Version Tinstall Tcheck Ttotal Status Flags
r-devel-linux-x86_64-debian-clang 0.89 14.02 407.89 421.91 OK
r-devel-linux-x86_64-debian-gcc 0.89 13.18 299.90 313.08 OK
r-devel-linux-x86_64-fedora-clang 0.89 509.43 OK
r-devel-linux-x86_64-fedora-gcc 0.89 500.12 OK
r-devel-windows-ix86+x86_64 0.89 21.00 469.00 490.00 OK
r-devel-windows-x86_64-gcc10-UCRT 0.89 OK
r-patched-linux-x86_64 0.89 15.15 393.95 409.10 OK
r-patched-solaris-x86 0.89 680.90 NOTE
r-release-linux-x86_64 0.89 15.27 387.83 403.10 OK
r-release-macos-x86_64 0.89 OK
r-release-windows-ix86+x86_64 0.89 21.00 362.00 383.00 OK
r-oldrel-macos-x86_64 0.89 OK
r-oldrel-windows-ix86+x86_64 0.89 26.00 455.00 481.00 OK

Check Details

Version: 0.89
Check: installed package size
Result: NOTE
     installed size is 5.2Mb
     sub-directories of 1Mb or more:
     doc 4.4Mb
Flavor: r-patched-solaris-x86