CRAN Package Check Results for Package nlmixr

Last updated on 2021-06-21 07:48:51 CEST.

Flavor Version Tinstall Tcheck Ttotal Status Flags
r-devel-linux-x86_64-debian-clang 2.0.4 375.94 187.45 563.39 OK
r-devel-linux-x86_64-debian-gcc 2.0.4 270.95 134.75 405.70 OK
r-devel-linux-x86_64-fedora-clang 2.0.4 751.97 NOTE
r-devel-linux-x86_64-fedora-gcc 2.0.4 736.07 OK
r-devel-windows-x86_64 2.0.4 436.00 234.00 670.00 OK
r-devel-windows-x86_64-gcc10-UCRT 2.0.4 NOTE
r-patched-linux-x86_64 2.0.4 320.56 175.16 495.72 OK
r-patched-solaris-x86 2.0.4 703.60 OK
r-release-linux-x86_64 2.0.4 287.77 176.32 464.09 OK
r-release-macos-arm64 2.0.4 ERROR
r-release-macos-x86_64 2.0.4 NOTE
r-release-windows-ix86+x86_64 2.0.4 783.00 249.00 1032.00 NOTE
r-oldrel-macos-x86_64 2.0.4 NOTE

Check Details

Version: 2.0.4
Check: installed package size
Result: NOTE
     installed size is 26.5Mb
     sub-directories of 1Mb or more:
     R 1.1Mb
     libs 24.4Mb
Flavors: r-devel-linux-x86_64-fedora-clang, r-release-macos-x86_64, r-release-windows-ix86+x86_64, r-oldrel-macos-x86_64

Version: 2.0.4
Check: package dependencies
Result: NOTE
    Packages suggested but not available for checking:
     'devtools', 'pkgdown', 'covr', 'forecast'
Flavor: r-devel-windows-x86_64-gcc10-UCRT

Version: 2.0.4
Check: package dependencies
Result: ERROR
    Package required but not available: ‘symengine’
    
    See section ‘The DESCRIPTION file’ in the ‘Writing R Extensions’
    manual.
Flavor: r-release-macos-arm64