CRAN Package Check Results for Package ngramr

Last updated on 2021-06-15 08:50:02 CEST.

Flavor Version Tinstall Tcheck Ttotal Status Flags
r-devel-linux-x86_64-debian-clang 1.7.4 5.22 53.19 58.41 OK
r-devel-linux-x86_64-debian-gcc 1.7.4 4.66 39.97 44.63 OK
r-devel-linux-x86_64-fedora-clang 1.7.4 77.67 NOTE
r-devel-linux-x86_64-fedora-gcc 1.7.4 66.08 NOTE
r-devel-windows-x86_64 1.7.4 10.00 76.00 86.00 OK
r-devel-windows-x86_64-gcc10-UCRT 1.7.4 NOTE
r-patched-linux-x86_64 1.7.4 5.25 49.40 54.65 OK
r-patched-solaris-x86 1.7.4 100.20 NOTE
r-release-linux-x86_64 1.7.4 4.40 49.70 54.10 OK
r-release-macos-arm64 1.7.4 NOTE
r-release-macos-x86_64 1.7.4 NOTE
r-release-windows-ix86+x86_64 1.7.4 14.00 72.00 86.00 OK
r-oldrel-macos-x86_64 1.7.4 NOTE
r-oldrel-windows-ix86+x86_64 1.7.4 15.00 79.00 94.00 OK

Additional issues

gcc11

Check Details

Version: 1.7.4
Check: dependencies in R code
Result: NOTE
    Namespace in Imports field not imported from: ‘lifecycle’
     All declared Imports should be used.
Flavors: r-devel-linux-x86_64-fedora-clang, r-devel-linux-x86_64-fedora-gcc, r-devel-windows-x86_64-gcc10-UCRT, r-patched-solaris-x86, r-release-macos-arm64, r-release-macos-x86_64, r-oldrel-macos-x86_64