CRAN Package Check Results for Package newsanchor

Last updated on 2021-09-18 08:50:51 CEST.

Flavor Version Tinstall Tcheck Ttotal Status Flags
r-devel-linux-x86_64-debian-clang 0.1.1 4.52 51.70 56.22 OK
r-devel-linux-x86_64-debian-gcc 0.1.1 3.77 38.59 42.36 OK
r-devel-linux-x86_64-fedora-clang 0.1.1 74.67 NOTE
r-devel-linux-x86_64-fedora-gcc 0.1.1 63.40 NOTE
r-devel-windows-x86_64 0.1.1 7.00 73.00 80.00 OK
r-devel-windows-x86_64-gcc10-UCRT 0.1.1 NOTE
r-patched-linux-x86_64 0.1.1 4.23 47.47 51.70 OK
r-patched-solaris-x86 0.1.1 97.50 NOTE
r-release-linux-x86_64 0.1.1 4.69 47.28 51.97 OK
r-release-macos-arm64 0.1.1 NOTE
r-release-macos-x86_64 0.1.1 NOTE
r-release-windows-ix86+x86_64 0.1.1 15.00 54.00 69.00 OK
r-oldrel-macos-x86_64 0.1.1 NOTE
r-oldrel-windows-ix86+x86_64 0.1.1 13.00 54.00 67.00 OK

Check Details

Version: 0.1.1
Check: dependencies in R code
Result: NOTE
    Namespaces in Imports field not imported from:
     ‘devtools’ ‘xml2’
     All declared Imports should be used.
Flavors: r-devel-linux-x86_64-fedora-clang, r-devel-linux-x86_64-fedora-gcc, r-devel-windows-x86_64-gcc10-UCRT, r-patched-solaris-x86, r-release-macos-arm64, r-release-macos-x86_64, r-oldrel-macos-x86_64

Version: 0.1.1
Check: data for non-ASCII characters
Result: NOTE
     Note: found 318 marked UTF-8 strings
Flavors: r-devel-linux-x86_64-fedora-clang, r-devel-linux-x86_64-fedora-gcc, r-devel-windows-x86_64-gcc10-UCRT, r-patched-solaris-x86, r-release-macos-arm64, r-release-macos-x86_64, r-oldrel-macos-x86_64